pose -4*j = -3*w - 1 + 7, -5*j - w + 2 = 0. Suppose -3*u + 90 = -j*u. Is u a multiple of 15?
True
Let j be 42/(-4) - 6/(-12). Is -57*(j/(-3))/(-5) a multiple of 14?
False
Let h be 2/11 - (-60)/33. Let u be 1 - (-1 + 1 + -1). Suppose u*d - h = 74. Is 15 a factor of d?
False
Let b be (6/12)/((-1)/(-14)). Let p be b/4 - 1/(-4). Does 13 divide (0 + 39)/(3/p)?
True
Let w(n) = n**2 - 6*n + 3. Let c be 6/(-4) - 15/(-2). Is 3 a factor of w(c)?
True
Let b = -5 - -41. Is b a multiple of 10?
False
Suppose 2*r + 78 = 2*s, s + r - 20 = 11. Is s a multiple of 11?
False
Let k = -12 + 6. Let y = k + 10. Suppose 0 = 2*s + y*g - 2*g - 22, s = 3*g - 5. Is s a multiple of 3?
False
Suppose 3*f = 3*z - 96, 3*z + 3*f = 2*f + 88. Let i = z - 22. Is 5 a factor of i?
False
Let x = 332 + -105. Does 13 divide x?
False
Suppose -12*y = -10*y - 12. Is y a multiple of 4?
False
Suppose -6*f + 60 = 2*b - 3*f, 5*f + 128 = 3*b. Suppose 3*y - b = y. Let n = -6 + y. Is 12 a factor of n?
True
Let z(s) = -13*s - 10. Let t be ((-12)/2 + 2)/1. Is z(t) a multiple of 14?
True
Let r be (-39)/(-2) + 1/(-2). Let u = r + -3. Suppose 0 = -2*j - g + u, -5*j - 3*g - g = -46. Does 3 divide j?
True
Let d(i) = 3*i**2 + 4*i + 6. Is 19 a factor of d(-4)?
True
Let s = -11 + 17. Suppose -x + 66 = -5*h + 11, -4*x = -h - 30. Is (-4 - s/(-2))*h a multiple of 10?
True
Suppose 5*p - 30 = 15. Is 2 a factor of p?
False
Suppose 114 + 226 = 4*a. Is a a multiple of 9?
False
Let j(l) = -l + 2. Let n be j(0). Suppose q = -4*c + 35, 3*c - n*q - q = 30. Is c a multiple of 4?
False
Suppose -3*i = -i. Let a(x) = -x**3 + x**2 + 8. Let o be a(0). Suppose i = o*f - 6*f - 16. Is f a multiple of 8?
True
Suppose -y + 6 = 5. Is 2 a factor of 1 + y/(3/12)?
False
Let y = 0 + 0. Suppose 0 = -y*q + 3*q - 3. Suppose 3 = -r - 0, c + q = -5*r. Does 14 divide c?
True
Let g(n) = -n - 5. Is 11 a factor of g(-16)?
True
Let a = 0 - 2. Let u be (-3)/(((-15)/a)/(-5)). Suppose 14 = 2*y + u*o, 5*o = 4*y - 9 - 10. Is 4 a factor of y?
False
Let z = 446 - 154. Is 42 a factor of z?
False
Let s be 3/(2 - (-2)/(-4)). Let f(m) = 2*m**2 - 6 + m + 0*m**2 - m**s. Does 7 divide f(-5)?
True
Let n = 46 - 66. Let y = n - -32. Does 4 divide y?
True
Let b(j) = j**2 + 7*j + 6. Let d be b(-9). Suppose 0 = 4*x - 4*z - 36, 4*x - 3*z + 2*z = d. Is x even?
False
Let l = -24 - -35. Let j = 29 - l. Is j a multiple of 7?
False
Let v(a) = a + 2. Let z be v(-6). Let f(o) = 2*o**3 + 2*o**2 - 3*o - 2. Let k be f(-2). Is 13 a factor of ((-30)/z)/(k/(-24))?
False
Let a(y) = 5*y**2 - 6. Does 15 divide a(5)?
False
Is (15/(-2))/((-3)/24) a multiple of 30?
True
Suppose 5*p + 4*i - i + 39 = 0, 0 = -2*p - i - 15. Let j be 4/p + 8/12. Suppose j = -2*d + 13 - 1. Is 3 a factor of d?
True
Is 6*(29/3 + -4) a multiple of 17?
True
Let x(i) = i**3 - 9*i**2 + 11*i - 3. Let o be x(8). Suppose 0*v - v = -10. Let u = o - v. Does 4 divide u?
False
Is 1012/6 + 11/((-198)/(-24)) a multiple of 34?
True
Suppose 2*n - 14 = -4. Let h be 940/18 - 8/36. Suppose -n*s + s = -h. Is s a multiple of 10?
False
Suppose -194 = -4*b + 3*n, -108 = 2*b - 4*b - 4*n. Suppose 5*d = -0*d + b. Is 5 a factor of 0/3 - d/(-2)?
True
Let z(k) be the third derivative of -5*k**4/12 - 8*k**3/3 - 5*k**2. Is 16 a factor of z(-8)?
True
Let c be 2/11 - (-210)/55. Suppose -34 = -2*m - 4*a, c*m - 68 = 6*a - 4*a. Is m a multiple of 14?
False
Suppose m + 0*m + 3 = x, 5*x + 2*m - 29 = 0. Suppose 2*f - 11 = -3*z, 5*z + x*f - 5 = 10. Does 2 divide z?
False
Let l(k) = -k**3 + 3*k**2 - k + 3. Is 15 a factor of l(-3)?
True
Let g = 15 - 13. Is 2 a factor of g?
True
Suppose 4*w - 1 = 19. Let z = -38 + 61. Suppose -w*a + 5*x + 87 = -z, 5*a - 4*x - 115 = 0. Does 21 divide a?
False
Let p(b) = -b**2 + 13*b - 8. Does 17 divide p(6)?
True
Is (-2 + 14)/((-6)/(-16)) a multiple of 8?
True
Let j(i) = 4*i**2 + 3*i - 1. Suppose a - 5*a + 8 = 0. Is 7 a factor of j(a)?
True
Suppose 0 = 5*n + 69 - 1779. Suppose 15 = 3*q - 0*q. Is (-2)/q + n/30 a multiple of 11?
True
Let s = -189 - -288. Is s a multiple of 15?
False
Is 15*(-1)/(-6)*24 a multiple of 10?
True
Let l(q) = 130*q**2 - q. Does 12 divide l(-1)?
False
Suppose 0 = -4*g + 2*s + 198, -2*g - 6*s = -2*s - 94. Let i = -14 + g. Is i a multiple of 12?
False
Suppose -l = -5*c + 21 + 33, 2*c - 4*l - 36 = 0. Suppose -3*v - v + 4*t = -32, -2*v + 4*t = -c. Does 3 divide v?
False
Let a(u) = -3*u**3 + 6*u**2 + 4*u**3 - 2*u**2 + u**2. Does 5 divide a(-4)?
False
Let x(l) = -3*l - 5*l**2 - 6*l + 2*l + 6 + l**3. Let y be x(6). Is 11 a factor of (25 - y - 3) + 0?
True
Let i = -4 - -1. Let o = -1 - i. Is o/8 + (-47)/(-4) a multiple of 5?
False
Let k be (4 + -3)*0/1. Suppose -5*l + k*l + 10 = 0. Suppose -i + l*a + 34 = i, 0 = -a. Is i a multiple of 17?
True
Let m(l) = -l**2 - 9*l. Let h(n) be the first derivative of -n**4/4 - 7*n**3/3 - 2*n**2 + 5*n - 2. Let r be h(-6). Is m(r) a multiple of 14?
True
Let q(s) = -3*s**3 - 37*s**2 - 3*s - 34. Let w(p) = p**3 + 12*p**2 + p + 11. Let c(u) = -2*q(u) - 7*w(u). Let j be c(-10). Does 10 divide (j/(-1))/(4/(-40))?
True
Let f(w) = -w**2 - 7*w - 4. Let o(c) = -c**2 + 3*c + 4. Let x be o(5). Is 2 a factor of f(x)?
True
Suppose -33 = t + 4*t + n, 4*n = 5*t + 43. Does 29 divide (58/(-4))/(t/42)?
True
Let p(c) = 5 - 5 + 2*c - c**3 - 1. Let m be p(1). Let n(t) = t + 36. Is n(m) a multiple of 12?
True
Let w(g) = 2*g**3 - 4*g**2 + 2*g + 2. Let y be w(2). Suppose 3*k - s - y = 0, -s = -0*s. Is 9 a factor of -2 - 11*k/(-2)?
True
Let t be (12/5)/(9/(-30)). Is 5 a factor of (-4)/t - 25/(-2)?
False
Let h(d) = -3*d**2 + 2*d - 1. Suppose a - 16 = 5*x - 0, -5*a - 4 = 3*x. Let q be h(a). Is (13 - q) + -1 + 1 a multiple of 6?
False
Suppose 0 = 3*m - 5 - 7. Suppose 0 = -0*z - 2*z + m. Suppose 0 = -2*u + z*l + 36, u - 2*l = 6 + 12. Is 9 a factor of u?
True
Let q(v) = 29*v**3 - 2*v + 1. Let f(s) = s**2 + 2*s + 1. Let n be f(-2). Is q(n) a multiple of 25?
False
Is ((-18)/7)/(0 - (-6)/(-56)) a multiple of 8?
True
Suppose -c - 3*c - 254 = 5*y, -y - 46 = 2*c. Let s be y/(-15)*(2 - -28). Suppose 5*g = 3*q - 145 + 41, 4*q = -g + s. Does 12 divide q?
False
Let w(n) = n**3 - 3*n**2 + 2*n. Let u be w(4). Suppose 0 = 4*v + u - 212. Is 21 a factor of v?
False
Suppose 2*n = -2*h + 274, n - h + 0*h - 129 = 0. Is n a multiple of 25?
False
Let b be 4*(-1)/(-2)*1. Suppose -b = 2*i - 4. Suppose 0 = -q + i + 34. Is 15 a factor of q?
False
Suppose -6*y + 26 = -4*y. Suppose 0 = -d + 36 - y. Is d a multiple of 8?
False
Let q = -305 + 432. Is 16 a factor of q?
False
Let f(a) = 6*a**3 + a**2 - 2*a. Suppose 0 = -2*s + 4*s - 4. Let m be f(s). Does 4 divide (m/(-30))/((-2)/15)?
True
Suppose 5*y - 123 = -x, -y - 3*x = -0*x - 19. Suppose 5*d + 0*d = y. Suppose -d*j = -0*j - 90. Is 13 a factor of j?
False
Does 8 divide (4 - -16)/(-5) - -45?
False
Let c = 30 + -20. Is 2 a factor of c?
True
Let i = 11 - 19. Does 6 divide i/(-3)*(-15)/(-5)?
False
Let g be 2 + (2 - 1) + -69. Is 3/(((-27)/g)/3) a multiple of 11?
True
Does 7 divide (3/2)/(6/80)?
False
Let t(v) = -4*v + 1. Let g be t(-1). Suppose -o + 51 = g*z - 51, 108 = 5*z - o. Does 21 divide z?
True
Let w(a) = -a**3 - 8*a**2 - a - 6. Let z be w(-8). Suppose q - 12 = -z*q. Suppose -q*m + 2*s + 18 = 0, 0 = 2*m - m + 3*s + 13. Does 2 divide m?
True
Suppose -f = 5 - 7. Suppose 0 = f*n - 18 - 64. Is n a multiple of 12?
False
Suppose -6*p = -p. Let d be (p/(-3) - 2) + 2. Suppose -3*s + 71 = 4*y, -5*y + s + 65 = -d*s. Is 7 a factor of y?
True
Suppose -4*p + x + 15 = -21, -4*p + 4*x = -24. Suppose y + 4*o - p - 18 = 0, y + o = 16. Does 5 divide y?
False
Let u(j) = 13*j**2 + j + 1. Let a be u(-1). Let d = 6 + a. Suppose -4*z - 4*n - 4 = 0, -d = -3*z + n - 6. Is z a multiple of 2?
False
Suppose 5*a - 44 = -2*v, -16 = -5*v - 5*a + 109. Does 27 divide v?
True
Let o = -5 + 25. Suppose -5*f = -g + o, 2*f = 2*g + 2*g - 152. Is g a multiple of 20?
True
Suppose 4*r - 47 - 53 = 0. Is r a multiple of 15?
False
Let v(b) = -16*b - 28. Does 13 divide v(-12)?
False
Suppose 2*s - 6*s + 12 = 0. Let w be (281 - -1)*1/s. Let h = w - 59. Is 14 a factor of h?
False
Is -1 + (784/36 - 6/(-27)) a multiple of 21?
True
Suppose 0 = -8*h + 1599 - 543. Is h a multiple of 33?
True
Let m = -35 - -112. Is 19 a factor of m?
False
Let r be 2/((-30)/(-34) + -1). Let q = r - -52. Suppose 3*f + 2*h - q = 15, h - 16